mainder when a is divided by 28.
26
Let n(t) = t**3 - t**2 - 3*t + 65. Let q(w) = w**3 + 7*w**2 + 13. Let h be q(-7). Let z = -13 + h. What is the remainder when n(z) is divided by 23?
19
What is the remainder when 496 is divided by (-137 + 67)/(3/(-7)*(-5)/(-15))?
6
Suppose -2*g = -4*g - 10, 306 = 2*w - 2*g. Let c = -116 + w. Calculate the remainder when 39 is divided by c.
7
Let s = -3223 + 3230. What is the remainder when 224 is divided by s?
0
Suppose 0 = x + t - 3 - 8, -55 = -5*x + 3*t. Suppose 13*d - 504 = x*d. What is the remainder when d is divided by 23?
22
Let f = -531 - -573. Suppose -4*d + 2*d - 4*g = -14, -2*d + f = -3*g. Let m = -37 + 80. Calculate the remainder when m is divided by d.
13
Let h = 24874 + -24788. Calculate the remainder when 258 is divided by h.
0
Let u(i) = -49*i - 346. What is the remainder when 104 is divided by u(-8)?
12
Calculate the remainder when 2246 - (66/44)/(3/6) is divided by 132.
131
Suppose 2790 = 13*g - 10*g. Let d be -6*(-4)/(-42) + g/35. Suppose -p - p = -d. Calculate the remainder when 63 is divided by p.
11
Suppose -10*q + 14*q = 4*y - 988, 3*y = -3*q + 753. Let v = -233 + y. What is the remainder when 42 + ((-4)/(-1))/2 is divided by v?
12
Suppose 2*u = q + 20, -3*q - 38 = -4*u - 2*q. Let v = -1147 - -1164. Calculate the remainder when v is divided by u.
8
Let a(s) = 3*s**3 - 2*s**2 + 4*s - 3. Let w be a(2). Let r = 35 - w. What is the remainder when ((-216)/22)/((-53)/(11660/40)) is divided by r?
12
Suppose -3*i + 0 = -2*g + 10, -3*g = 3*i - 15. Suppose 18*a = g*a + 286. Calculate the remainder when 131 is divided by a.
21
Suppose -8446 = 21*a - 8803. Suppose -5*j = 2*u - 592, 3*u + j - 620 = 268. Let t = u - 110. Calculate the remainder when t is divided by a.
16
Suppose -164*c + 327*c = 164*c - 1004. What is the remainder when c is divided by 21?
17
Let s be (0 + 1)*(-16 - -2). Let c = 24 - 68. Let m = s - c. Calculate the remainder when m is divided by 12.
6
Let p(l) = -12*l + 32. Let b be p(-10). Suppose 2*j + 4*r = b, r - 5*r = -4*j + 292. What is the remainder when j is divided by 16?
10
Suppose 40 = -5*g, 10*g = 4*v + 5*g - 64. Calculate the remainder when 2592 is divided by v.
0
Suppose 0 = -2*s + 6, 0*s = -4*w + 5*s + 81. Let m(p) = 3*p**3 - 7*p**2 - 18*p + 39. What is the remainder when m(4) is divided by w?
23
Suppose -z = -3*k - 3*z + 8, 3*k = 5*z + 43. What is the remainder when 148 is divided by (k - 7)/((-5)/95)?
15
Let a(p) = -2*p**2 - p + 2. Let j be a(-2). Let m(y) = -4*y - 9. What is the remainder when m(j) is divided by 2/(-4 - 36/(-8))?
3
Let w = -778 + 866. Calculate the remainder when w is divided by 9.
7
Let u(j) be the first derivative of 5*j**2/2 + 52*j + 40. What is the remainder when 546 is divided by u(8)?
86
Suppose -783*u + 9292 = -760*u. What is the remainder when u is divided by 112?
68
Suppose -1915 - 1979 = -667*d + 2776. Let z(l) = 339*l**3 + l**2. Let b be z(1). Suppose -2*y - 3*y + b = 0. Calculate the remainder when y is divided by d.
8
Let h(o) = -5*o + 49. Let w be h(9). Suppose -i + 3*l = -l - 56, l = -w*i + 139. What is the remainder when 49 is divided by i?
13
Let t(b) = 3*b - 36. Let d be t(12). Let v be d/3 + (-1 - -1). Suppose v = -5*q, -5*i - 4*q + 4 = -66. Calculate the remainder when 39 is divided by i.
11
Suppose -4*v + 1870 = -5918. What is the remainder when v is divided by 75?
72
Let f be -5 - (-6 - 0 - -45). Suppose 0*i + 4*w - 102 = -i, 3*w = 2*i - 204. Calculate the remainder when i is divided by 111/9 - f/66.
11
Suppose 0 = 5*n - 0*n - 75. Let j be 18/7*10/n*7. Suppose b = 2*b - j. Calculate the remainder when 22 is divided by b.
10
Calculate the remainder when (-750)/165 + 4 + -1 + 179394/11 is divided by 70.
67
Let r(i) = -21*i - 7. Let p be r(-15). Let q = p + -228. Calculate the remainder when 316 is divided by q.
76
Let g be 2/(-2) + 0 + 5. Suppose 5*p + 2*j = 79, -5*j - g = -p + 1. Let u = 54 - 26. Calculate the remainder when u is divided by p.
13
Suppose 24 = 7*z - 4. Suppose 4*h + p = 73, 4*h + 0*p = z*p + 68. Suppose -u = 0, -h = 4*c + u - 270. What is the remainder when c is divided by 22?
19
Let z = 83 - 532. Let u = -437 - z. Calculate the remainder when 323 is divided by u.
11
Suppose 9*o = -94*o - 28196 + 95352. What is the remainder when o is divided by 112?
92
What is the remainder when (-40)/5 + 17660/20 is divided by 6?
5
Suppose 3760 = 4*t + 4*h, -5*h + 3*h = 3*t - 2825. Suppose 5*i + 16*i - t = 0. Calculate the remainder when 133 is divided by i.
43
Suppose 5*r - 3*l - 89 = l, 8 = 2*l. Let h = 13 + r. Let d = 43 - h. Calculate the remainder when d is divided by 6.
3
Suppose -b = w + 17, -3*w - 21 = -4*b + 23. Let d be (w/4 - -5) + 34. Suppose -5*m = -d - 15. Calculate the remainder when m is divided by 4.
2
Suppose 5*i - 2*l = 2*l + 250, 2*i - 5*l = 83. Suppose 4*o - i = 3*m, -14*o + 16*o + 2*m - 34 = 0. Calculate the remainder when o is divided by 8.
7
Suppose 5*w - 25 = 0, 5*g = -w + 5*w + 575. Calculate the remainder when 140 is divided by g.
21
Suppose 2*f - 2*x = -958, 6*x + 958 = -2*f + 2*x. Let b = -432 - f. What is the remainder when b is divided by 9?
2
Let z(n) = n**2 - 86*n + 1644. What is the remainder when (-19)/(2 + (-18)/8) is divided by z(28)?
16
Suppose 10*w + 10 = 11*w + 2. Calculate the remainder when 25 is divided by w.
1
Let z be 34/(-204) + (-11)/6. Let d = z + 114. What is the remainder when d is divided by 57?
55
Let c(a) = 17*a - 71. What is the remainder when c(13) is divided by 122?
28
Let a(b) = 747*b**2 - 4*b - 2. Let p be a(-1). Suppose -949 = -5*q - p. Calculate the remainder when 159 is divided by q.
39
Suppose u = -2*u - 9. Let s(b) = 2*b**2 + 3*b - 3. What is the remainder when (24200/(-1760))/(10/(-8)) is divided by s(u)?
5
Let y = 40 + 155. Calculate the remainder when y is divided by 14 - 16 - -8 - (0 + -87).
9
Let b = 14 - 16. Let g = 111 - 112. What is the remainder when (g + 44)*(-2)/b is divided by 9?
7
Let m(y) = 6*y + 148. Let v be m(-27). Let d = -231 + 439. What is the remainder when d is divided by (v/(-4))/((-57)/(-570))?
33
Let l(x) = x + 3. Let u be l(-1). Let g(m) = 1 - 3*m + 1 - 35*m**3 + 5*m**2 + 34*m**3. What is the remainder when 8 is divided by g(u)?
0
Let v(f) = -f**3 + 47*f**2 - 9*f - 269. Let q be v(47). Let p = 781 + q. What is the remainder when p is divided by 15?
14
Suppose -12*y + 16*y = 16. Suppose 0 = -b + y*b - 117. Suppose 0 = -4*o + b - 19. What is the remainder when 15 is divided by o?
0
Let h = -1523 + 1593. What is the remainder when 9026 is divided by h?
66
Let m be 27 + (-5 - (-3 + 4)*-2). Let t = -5 + m. Let p = 5 + 30. What is the remainder when p is divided by t?
16
Suppose 0 = 2*p + u - 482, -6*u = 3*p - 5*u - 725. What is the remainder when p is divided by 62?
57
Calculate the remainder when 4263 is divided by -106 + 98 - 120/(-2).
51
Let q(a) = 42*a + 347. Let x be q(-8). Suppose x*y - 8*y - 15 = 0, -49 = -2*o + 5*y. What is the remainder when o is divided by 15?
7
Let k = 2 + -1. Calculate the remainder when (-37)/(((-1)/2)/k) is divided by (4/16)/(23 + (-70329)/3060).
14
Let w(o) = -29*o - 12. Let v(i) = 3*i - 10. Let f be v(3). Calculate the remainder when 80 is divided by w(f).
12
Suppose 1668 = 51*i - 66. What is the remainder when 632 is divided by i?
20
Suppose 25*t - 24*t = 15. Let v be (84/(-90))/(-7) + 223/t. What is the remainder when 597/v - 20/25 is divided by 20?
19
Let g = -6478 - -6416. Let p = -16 + -52. Let r = g - p. Calculate the remainder when r is divided by 6.
0
Suppose 0 = -a + 32 + 30. Suppose -a = 2*n + 4*d, -n - 151 = 3*n - d. Let m = n + 51. Calculate the remainder when 51 is divided by m.
9
Suppose -9494 + 11389 - 42743 = -37*m. What is the remainder when m is divided by 178?
36
Suppose 0 = 4*b + 75 + 53. Let m = b + 58. Calculate the remainder when 155 is divided by m.
25
Suppose -4*h - v + 91 = 0, 4*h - 81 = -24*v + 21*v. What is the remainder when 589 is divided by h?
13
Let l(i) = 911 + 38*i**2 - 2*i**3 + 4*i**3 - 925 - 41*i. Calculate the remainder when 32 is divided by l(-20).
2
Suppose 13*l - 3*l - 48 = 2*l. Let c(w) = -w + 14. Let m(h) = -1. Let z(b) = c(b) + 6*m(b). What is the remainder when l is divided by z(5)?
0
Let u = -1142 - -1145. Suppose u*k - 54 = -3*a, a = -3*k - k + 33. Let z = 145 - 